actors of -3*(4 + f)*-7.
3, 7
List the prime factors of (-4 - -2) + (-3)/3 - -137.
2, 67
Suppose -12*h = -7*h - 1670. What are the prime factors of h?
2, 167
List the prime factors of (11 - 3)*2 + -1.
3, 5
List the prime factors of (-6)/4 - 3894/(-12).
17, 19
Let z(a) = -8*a + 23. Let r(l) = -4*l + 11. Let d(k) = -13*r(k) + 6*z(k). What are the prime factors of d(4)?
11
Suppose 0 = v + f - 7, -3*f - 16 = -7*f. Suppose -3*g + 17 = -2*b - 2*b, -v*b - 18 = -4*g. Let s(q) = -5*q - 3. List the prime factors of s(b).
7
Let d(m) = -m**3 - 15*m**2 - 21*m - 28. List the prime factors of d(-14).
2, 5, 7
Suppose 0 = 14*r - 10*r - 140. What are the prime factors of r?
5, 7
Let s(q) = -8*q + 2. Let a(n) = -n - 1. Let k(b) = -a(b) - s(b). Let f(p) = -5*p + 1. Let m(w) = -5*f(w) - 3*k(w). What are the prime factors of m(-3)?
2
Let j = 75 + -51. Let t be j*(-1 + (-9)/(-6)). List the prime factors of 110/6 - 4/t.
2, 3
Suppose -4*u = -5*p - 309, -5*p + 49 = -2*u + 196. What are the prime factors of u?
3
Let o(t) = -t + 2. Let h be o(-2). Let b(z) = 7*z**2 - z - 3*z + 4 - 2*z**2 - z**3. What are the prime factors of b(h)?
2
Suppose 2*y + 0*t - 239 = t, -3*y = -2*t - 357. What are the prime factors of y?
11
Suppose 0 = -5*q + 3*q + 268. What are the prime factors of q?
2, 67
Let f = 120 - 70. What are the prime factors of f?
2, 5
Let a be (12/(-10))/(10/(-25)). Suppose -2*p - w - w = -28, -4*p = -a*w - 77. List the prime factors of p.
17
Suppose 5*d = 7 + 13. Let g be d/(-10) - 141/(-15). List the prime factors of 101/g + 4/(-18).
11
Let a(h) be the third derivative of -h**6/120 - h**5/15 + h**4/24 - h**3 + 2*h**2. What are the prime factors of a(-5)?
2, 7
Let g(j) = 3*j + 4. Let k(a) = 1. Let c(h) = -g(h) + 3*k(h). Let s = -3 - -2. What are the prime factors of c(s)?
2
Suppose 0*g - 2*g - 161 = -3*v, 267 = 5*v - 2*g. What are the prime factors of v?
53
Suppose 5*n - 5 = 5*w, 2 = 2*n - 2. Let f(x) = 4*x - 1. Let d be f(w). List the prime factors of -1 - (-3 + d + -9).
2
Let w(q) = 22*q - 41. List the prime factors of w(13).
5, 7
Suppose -100 - 92 = -3*o. What are the prime factors of o?
2
Suppose -m - 61 = -2*m. List the prime factors of m.
61
Suppose -125 = 6*s - s. Let h = -15 - s. List the prime factors of h.
2, 5
Suppose -2*d = -0*d + 8, 4*x = 2*d + 156. What are the prime factors of x?
37
Suppose 3*c + 2*l + 8 = 0, 4*c + 3*l + 4 + 5 = 0. Let p = -3 - 2. List the prime factors of 0*(-2)/c - p.
5
Suppose -3*v - 40 = -o - 2*v, -2*o + 5*v = -86. List the prime factors of o.
2, 19
Let u = -12 + 17. Suppose u*o - o - 68 = 0. Suppose 3*d = 3*m - 18, -5*m + d + 33 = -o. List the prime factors of m.
11
Let a(q) be the third derivative of q**5/60 - q**4/6 - q**3/3 + 13*q**2. Let d = 4 + -7. What are the prime factors of a(d)?
19
Let o be 16/(-12)*6/(-4). Suppose 2*t = -2, o*w - 7*w + 45 = -5*t. List the prime factors of w.
2
Let v be (1/3)/1*6. Suppose 0 = -m - 4*g + 4, v*m - 4*m = 3*g - 13. What are the prime factors of m?
2
Suppose -z - 2 = 2. Let f(a) = a**3 + 5*a**2 - a - 3. What are the prime factors of f(z)?
17
Let d(u) = 8*u**2 - 5*u - 19. List the prime factors of d(-4).
3, 43
Let f be (4/6)/((-2)/6). Let i(j) be the third derivative of -j**6/120 + j**4/8 + j**3/6 - 6*j**2. List the prime factors of i(f).
3
Suppose 5*o - 5*i = -8*i + 54, -2*i + 6 = 0. Let w be (1 + 1)*(-2)/(-4). Let n = w + o. List the prime factors of n.
2, 5
Suppose 0 = 5*p - 15, -6*z - 4*p = -z - 7. Let b = 1 - z. What are the prime factors of b?
2
Suppose -3*s - 16 = -5*s - 2*g, 3*s - g - 12 = 0. Suppose -2*w + 3*j + 11 = -4, -s*w + 49 = 4*j. Suppose -w = 2*p - 3*p. What are the prime factors of p?
3
What are the prime factors of 8/(-36) + (-83)/(-9)?
3
List the prime factors of (-8235)/(-99) - (-2)/(-11).
83
Suppose -5*t - 61 = -2*b - 10*t, 0 = 4*b + 5*t - 117. Suppose 156 - b = 4*s. Suppose 2*y + 2*y = s. List the prime factors of y.
2
Let o(g) = -g**2 - 4*g + 4. Let i be o(-5). Let w be (i/1)/(3/(-15)). Suppose 22 = w*q - 3*q. List the prime factors of q.
11
Let y(k) = -k - 7. Let u be y(-8). Let b be 3/(0 + 1/u). Suppose -v = b*v - 48. List the prime factors of v.
2, 3
Suppose 0*x - 3*x = 75. Let y = -12 - x. List the prime factors of y.
13
Let f be (3 + (2 - 2))*11. Let t = f - 17. List the prime factors of t.
2
Let w(r) = 24*r**3 - r + 1. Let q be w(1). Suppose 0 = -4*h - 2*b - 2*b + q, 0 = -5*h + 3*b + 70. What are the prime factors of h?
11
Suppose -23 = 2*u - 91. What are the prime factors of u?
2, 17
Suppose -3*o - 29 = -3*q - o, 4*o + 3 = q. Suppose -2*a + 5*u = -61, 4*a = 2*a + u + 41. Let r = a - q. What are the prime factors of r?
7
Let g = -131 + 186. Suppose -5*u + 97 = 3*h, 3*u - h = -6*h + g. Suppose 2*q = -2*q + u, -3*j - 2*q = -37. What are the prime factors of j?
3
Suppose -3 = -x, -3*s = -8*s - 3*x - 206. Let q = s - -28. List the prime factors of 30/8*(-40)/q.
2, 5
Let p = -43 - -66. List the prime factors of p.
23
Suppose 5*w - 5 = 0, 3*w - 4*w = -5*k + 89. Let c = k - 16. What are the prime factors of c?
2
Let b = -16 - -2. Let k = b + 32. Suppose -m = 2*m - k. What are the prime factors of m?
2, 3
Let b be 2/2*(1 - 0). Suppose -4*f + 4*d = f - 58, -4*d = 2*f - 40. What are the prime factors of b - (-1)/(1/f)?
3, 5
Suppose -580 = -0*s - 5*s. What are the prime factors of s?
2, 29
List the prime factors of 4/22 - (-9)/(198/3428).
2, 3, 13
Suppose -3981 = -8*y - 1453. List the prime factors of y.
2, 79
Let k = 6 + 17. List the prime factors of k.
23
Suppose -4*n + 80 = n. Suppose 12 = j - a, 60 - n = 5*j + 3*a. What are the prime factors of j?
2, 5
Let t(h) = -17*h**2 - 20*h + 21. Let n(d) = 4*d**2 + 5*d - 5. Let l(i) = 9*n(i) + 2*t(i). Let a be l(-6). Let o = a + -22. List the prime factors of o.
17
Let g(d) = d**2 - 8*d + 1. Let p be g(8). Let x = 7 - 7. What are the prime factors of x + (p - (-2 + 1))?
2
Let a = 5 + -3. Suppose 0 = -o + a*c - 0*c - 1, o + c - 5 = 0. Suppose -o*f = -9 - 9. List the prime factors of f.
2, 3
Suppose p + 1 = 3*t, 4*p = -0*p - 4*t - 36. Let q(l) = -l**3 - 5*l**2 + 8*l - 10. What are the prime factors of q(p)?
2
Let x(s) = s - 2. Let t be x(6). Let g(w) be the second derivative of w**4/12 - w**3/2 - w. List the prime factors of g(t).
2
Let n be ((-2)/(-10))/((-2)/(-10)). List the prime factors of (-29)/(-3) - n/(-3).
2, 5
Let s be (20/(-6))/(8/(-12)). Suppose z = 3*r - 2*r + 13, -2*z - s*r + 61 = 0. List the prime factors of z.
2, 3
What are the prime factors of 2/(-4) - 217/(-14)?
3, 5
Suppose 2*m + 3*m = 30. Let c(a) = -a**2 - 6*a - 7. Let r be c(-4). Let v = r + m. List the prime factors of v.
7
Let c(b) = b**3 + 5*b**2 + 3. Let u be c(-5). Suppose -8*s - 15 = -u*s, -2*s - 117 = -3*v. List the prime factors of v.
37
Let r be (1 - 1)*(-3 + 4). Suppose -3*h + 8 = -4*p - 31, r = 2*h - 10. List the prime factors of (-15)/(3/p + -1).
2, 5
Suppose 4*p - 2*i + 78 - 222 = 0, -5*p = -2*i - 179. Let l = p - 25. List the prime factors of l.
2, 5
Suppose -7 = -3*a + 5. Suppose 0 = -a*b + t + 12, b + 6 = -4*b - 4*t. Suppose 3*s + 2*s - 45 = -4*h, 0 = -h - b*s + 12. List the prime factors of h.
2, 5
Suppose 660 = 9*b + 219. What are the prime factors of b?
7
List the prime factors of 2/(62/20 - 3).
2, 5
Suppose h + 2*d + 38 = 235, 5*d = -4*h + 791. List the prime factors of h.
199
Let d = 31 - 16. List the prime factors of d.
3, 5
Let v(u) = -5*u. List the prime factors of v(-5).
5
List the prime factors of 30 - (0 - (0 - -4)).
2, 17
Let x(v) = -53*v - 6. List the prime factors of x(-3).
3, 17
What are the prime factors of (-52)/(-6) - (-4)/(-6)?
2
Let x = 39 + -14. List the prime factors of x.
5
Suppose 3*k - 79 = -5*w, -w = -2*w + k + 19. Let l = 6 - w. Let g = -7 - l. What are the prime factors of g?
2
Let r(a) = -a + 5. Let u be r(4). List the prime factors of 12/((-2)/(-1) - u).
2, 3
Let v = -29 - -15. Let i be -4*(v/(-8))/1. List the prime factors of (-2)/4*2*i.
7
What are the prime factors of -2 - 5/(10/(-66))?
31
Let a = 35 - 11. List the prime factors of a.
2, 3
Let h(o) = -o**3 + 7*o**2 - 6*o. Let l be h(6). Let b(t) = t**2 + t + 4. Let s be b(l). Suppose -s + 0 = -r. What are the prime factors of r?
2
List the prime factors of -3 + (-8)/(-12)*105.
67
Let y be -2 + (-4)/3*-3. Suppose -4*m + y*b = -64, -32 = -0*m - 2*m - 3*b. List th